e -8*f + 956 = 36. List the prime factors of f.
5, 23
Suppose -5*s + 2*x = -42, 3*s - 4*x - 16 + 2 = 0. List the prime factors of s.
2, 5
Let n be 2 + -2 + (-5 - -8). Let j(x) = 2*x**2 - 12*x**n - x**2 + 3*x**3. What are the prime factors of j(-1)?
2, 5
Let h(p) = 0*p**2 - p**2 + p**2 - 10 - 8*p - p**2. What are the prime factors of h(-6)?
2
Suppose 3*k - d + 15 = -4*d, -2*k - 22 = -2*d. Let f = k - -13. Suppose -2*l - 8 = f*n - 26, -4*n - 5*l = -28. What are the prime factors of n?
2
Let k = -22 - -62. List the prime factors of k.
2, 5
What are the prime factors of 7 - -46 - (-3 + 1 + 1)?
2, 3
Suppose -2*v - 4*t = -2*t - 20, -4*t + 29 = 3*v. Let z(r) = -2*r + 7. Let n be z(v). Let o = n + 21. What are the prime factors of o?
2, 3
Let i(c) = -c**2 - 17*c. What are the prime factors of i(-8)?
2, 3
Let y(p) = p + 8. Let o be y(-6). Suppose 5 = -o*a + 21. List the prime factors of (a - 2)/(-3) - -7.
5
Let f(u) = u - 3. Let v be f(8). Suppose 4*g - 13 = -v. Suppose 4*l - 22 = 3*y + 27, 0 = -g*l - 3*y + 11. What are the prime factors of l?
2, 5
Suppose z + 12 = -2*z, -4*v + 12 = -z. Suppose -5*a + v*a = -36. What are the prime factors of a?
2, 3
Suppose -217 + 57 = -2*w. List the prime factors of w.
2, 5
Let j(q) = -4*q - 2. List the prime factors of j(-7).
2, 13
Let f(s) = -s - 1. Suppose 3*j = 8*j + 10. Let o be f(j). Let h = 2 + o. What are the prime factors of h?
3
Suppose 0 = -d - 3*a + 155, -139 + 863 = 5*d - 2*a. List the prime factors of d.
2, 73
List the prime factors of (0 + 28)/((-14)/(-35)).
2, 5, 7
Let f be 64/6 + (-2)/(-3 + -3). Let k be (1 - 3) + -1 + -6. Let s = k + f. List the prime factors of s.
2
Let m(f) = f**2 + 15*f - 30. List the prime factors of m(9).
2, 3, 31
Suppose y + 2*y = 0. Suppose -s + 4 + y = 0. List the prime factors of s.
2
Let j = 90 - 70. What are the prime factors of j?
2, 5
Let u(s) = 4 + 2 + 3*s - s - 4. Let y be -2*(-3)/2 + -1. What are the prime factors of u(y)?
2, 3
Let x be ((-3)/(-3))/(1/12). What are the prime factors of ((-32)/x)/((-2)/6)?
2
Suppose -2*g + 146 = 4*u, -14 = -u - 0*g + 4*g. What are the prime factors of u?
2, 17
Let g be (-3)/2 - (-87)/2. List the prime factors of (-2)/(-12) + 791/g.
19
Let x(q) = 48*q**2 - 2*q + 2. What are the prime factors of x(1)?
2, 3
Suppose -4 = -j + d, -4*j + 4*d + d = -17. Let o(n) = 5*n - 1. What are the prime factors of o(j)?
2, 7
Let j = 10 - 16. What are the prime factors of 2/j*(-17 + 5)?
2
Let v(n) be the third derivative of n**5/15 + n**4/24 + 5*n**3/6 + n**2. What are the prime factors of v(-3)?
2, 19
Suppose 5*c - 6*z + 4*z = 777, 4*c - 612 = 4*z. List the prime factors of c.
157
Let b = 30 - -4. Suppose 3*k - 20 = b. What are the prime factors of k?
2, 3
Let r(i) = 26*i**2 + 3*i + 2. Suppose 2*y = -5*u - 5, 0 = -2*y + 3*y. What are the prime factors of r(u)?
5
List the prime factors of 2*(-4 - 905/(-10)).
173
Suppose -3*m + 17 = -37. Suppose 0 = 4*l + 2 - m. What are the prime factors of l*(5/2 + 2)?
2, 3
Let o be (-2)/5 - 110/(-25). Suppose 0*b = -o*b + 40. Suppose -4*x = -26 - b. What are the prime factors of x?
3
Suppose 0 = -w + 5*i + 31, 0 = 2*w - 7*w + 5*i + 75. Suppose w = 5*u - 54. Let z = u - 3. List the prime factors of z.
2, 5
Let d = 67 - 37. Suppose 4*n - d = n. What are the prime factors of n?
2, 5
Let l(i) = 9*i**3 + i + 1. Let z be l(-1). Let w = z + 7. What are the prime factors of w*3/(-3)*2?
2
Let c(l) = -2*l + 16. Suppose -46 = 3*k - 4. List the prime factors of c(k).
2, 11
Let k(v) = v**3 - 6*v**2 + 2*v + 6. Suppose 3*w - 5 = 2*w. Let l be k(w). Let b = l + 16. List the prime factors of b.
7
Suppose -5*p - 15 = -2*p. Let y(q) = -q**2 - 2*q. Let c be y(-2). Let h = c - p. List the prime factors of h.
5
Let k(m) = -m + 6. Suppose -2*a - 3 = a. Let u be 6 - (-2)/1*a. List the prime factors of k(u).
2
Suppose 74 = 3*t - t. Let u = -16 + t. List the prime factors of u.
3, 7
Let d be (90/(-75))/(1/5). List the prime factors of -2*2/8*d.
3
List the prime factors of 100/2 - (-2 + -1)*1.
53
Let n(c) = c**3 - 10*c**2 + 11*c - 3. What are the prime factors of n(9)?
3, 5
Suppose -4*w + 16 = 2*j - 0*w, 0 = -j - 5*w + 20. Let s(n) = -n**2 - n + 11. What are the prime factors of s(j)?
11
Suppose -4*o + 2 - 14 = 0, 0 = 3*d - 3*o - 24. Suppose a - d*a = -20. List the prime factors of a.
5
Suppose -17 = -4*a - 57. Let w(j) = -j**2 - 1. Let b be w(0). What are the prime factors of a/((0 + b)/1)?
2, 5
Let l(i) = i**2 - 1. Let b be l(4). Suppose j - 8 = -p, 4*j - 2*j = -3*p + b. List the prime factors of j.
3
Suppose -5*r - 12 = t + 16, 0 = -3*t - r - 14. Let o = 2 - t. What are the prime factors of o?
5
Let t(m) = 12*m - 25. What are the prime factors of t(10)?
5, 19
Let g(o) = 3 - o**2 + 8*o + 0 - 6. Let d = 2 - -4. List the prime factors of g(d).
3
Let h(p) = -p**3 + p**2 - p - 1. Let w be h(-1). Suppose -5*v - 58 = -2*i, 0 = -4*i + w*v - v + 98. Let o = i + -16. What are the prime factors of o?
2
Let a = 10 + -10. Suppose a*y + 3*y = 72. What are the prime factors of y?
2, 3
Suppose 4*u - 5*d - 133 = 0, -3*u + 5*d = -113 + 12. Suppose 3*k = -4*n - 0*n + u, -n - 5*k + 8 = 0. What are the prime factors of n?
2
Let b = 51 - -51. What are the prime factors of (2/4)/(3/b)?
17
Suppose 2*i - 7 = -v, -6 = -0*v - 4*v + 3*i. Let f(w) = v + 4 + w**2 - w - 5. What are the prime factors of f(-2)?
2
Let s(c) = c**2 + 6*c + 4. Suppose 0 = 5*b - 3*v + 27, -5*b - v - 2 = 29. What are the prime factors of s(b)?
2
What are the prime factors of -3*1/3*-29?
29
Let t = 1 + -2. Let o = 1 + t. List the prime factors of -3*4/(o + -1).
2, 3
Suppose -4*n + 52 = -0*n. Let j = n + -9. Suppose 5*z - y = 48, j*z - 5*y + 2*y = 45. List the prime factors of z.
3
Let u be (4/5)/((-4)/(-70)). Let q be 10*u/8*2. Let m = -24 + q. What are the prime factors of m?
11
Let i(a) = -2*a**3 + a**2 - 2*a + 3. Let x be i(2). Let s = -8 - x. Suppose 3*r = r + 3*l + 10, 0 = -s*r + 2*l + 47. What are the prime factors of r?
11
Let j be 2/((-4 + 2)*1). Let k = 6 + j. Suppose 0 = -k*b - 4*s + 10 + 17, -s = -3*b + 23. List the prime factors of b.
7
Suppose 3*v = -v + 16. Let t = v - 4. Suppose t = 4*q - 9 - 39. What are the prime factors of q?
2, 3
Let y = -11 - -10. Let b = y + 8. List the prime factors of b.
7
Let c(q) = -2*q + 2. Let s be c(-4). Suppose -s*h = -14*h + 60. What are the prime factors of h?
3, 5
Suppose -v + 0*v + 71 = 0. What are the prime factors of v?
71
List the prime factors of (-6)/((-4)/2) + -1.
2
Suppose -3*h - 2*h = -5*u - 185, -41 = -h - u. Suppose -3*j = -h - 24. What are the prime factors of j?
3, 7
Let z(h) = 4*h**3 - h + 1. Let s be z(1). Let d = s + 0. Suppose -9 = 3*w - d*w. What are the prime factors of w?
3
Suppose -25 = -2*v + 83. What are the prime factors of v?
2, 3
Let w = -30 + 36. List the prime factors of w.
2, 3
Let m(i) = i**2 + 4*i + 4. Let d be m(-3). Suppose a - 6 = -d. Suppose 5*p + 5*y - 35 = 0, -3*y + 35 = a*p - 0*y. List the prime factors of p.
7
Suppose -c - 1 = -37. What are the prime factors of c?
2, 3
Let i = 19 - 16. List the prime factors of i/15 - (-368)/10.
37
Let v = -16 - -18. Suppose -y = -2*y + z + 9, 0 = v*y - z - 13. What are the prime factors of y?
2
Let z(b) = -b**2 - 10*b - 3. Let v be z(-9). Suppose l - 14 = -5*u, -5*u = -v - 4. Suppose -4*w = -l*m + 5*m - 39, 4*m = -4*w + 36. List the prime factors of w.
2, 5
Let g(v) = 2 - 13*v - 2 - 5. What are the prime factors of g(-2)?
3, 7
Let j = -3 + 6. Let r = 5 - j. Suppose -r*q - q = -36. List the prime factors of q.
2, 3
Let h(x) = -x**3 - 8*x**2 - 6*x + 9. Let b be h(-7). Suppose -b*s - s = -6. What are the prime factors of s?
2
Suppose 3*u = 26 - 5. Let c = -3 + u. What are the prime factors of c?
2
Let x = -5 + 5. Suppose x = 2*t - 50 + 12. What are the prime factors of t?
19
Suppose -7*m = -4*m - 291. List the prime factors of m.
97
Let b = 5 - 3. Suppose -2*t - b*t + 8 = 0. Suppose 3 = -l + 4*r, 5*l + t*r = 70 - 19. What are the prime factors of l?
3
Let l(y) = 11*y**2 + 2. What are the prime factors of l(-3)?
101
Let u = 67 - 31. List the prime factors of u.
2, 3
List the prime factors of (-501)/(-9) + 5/15.
2, 7
Let z = -9 + 7. Let h = z - -28. List the prime factors of h.
2, 13
Let b(v) = -10*v**2 + 4*v - 2. Let c be b(2). Let z = 53 + c. List the prime factors of z.
19
Su